 + 21/(-2 - -5)?
4
Suppose -2*g + 3 + 1 = 0. Let p be 35/(-28)*8/g. Let u(m) = 2*m**2 + 7*m + 1. Calculate the remainder when u(p) is divided by 6.
4
Let y be -3*4/24*-10. Let s be 1/(-4) + 3/(-4). Let t = s + y. What is the remainder when 11 is divided by t?
3
Let r(i) = i - 2. Let p be r(-5). Let u(o) = o**2 + 6*o - 8. Let b be u(p). What is the remainder when 46 is divided by 2/1*b + 18?
14
Let x(q) = 2*q**3 - 9*q**2 + 3*q + 13. Suppose -b + 0*b + 5 = 2*j, -2*j = -b - 11. What is the remainder when x(4) is divided by j?
1
Let w(l) = -2*l**2 - 10*l + 10. Calculate the remainder when 27 is divided by w(-5).
7
Suppose -l + 16 = -3. Let w(c) = -4*c**3 + 1. Calculate the remainder when l is divided by w(-1).
4
What is the remainder when 9/(-132)*-452 - (-4)/22 is divided by 8?
7
Suppose 4*r + 22 = 126. Suppose 5*s = -3*u - 25, -u + 0*s = -3*s - 1. Let n(g) = -g**2 - 6*g + 4. What is the remainder when r is divided by n(u)?
8
Suppose -20 = 4*j - 76. Let n = -220 - -138. What is the remainder when 4*1/(-8)*n is divided by j?
13
Let i(u) = 32*u**2 - 2*u. Let f be i(-2). Suppose 3*w = w + f. Suppose 2*q - w = -5*l, -l + 4*l - 34 = -4*q. What is the remainder when l is divided by 8?
6
Let f(l) = l**3 + 5*l**2 - 7*l - 2. Let j(q) = -2*q + 1. Let h(k) = k**2 - 5*k + 3. Let m be h(4). Calculate the remainder when f(-6) is divided by j(m).
1
Suppose -2*u = -2*h - 4, -2*u + 0*u = -3*h + 1. What is the remainder when 26 is divided by u?
5
Let o(z) = 69*z**3 + z**2 + z - 1. Let x be -3 - (-8)/12*6. What is the remainder when o(x) is divided by 24?
22
Suppose -2*b - 54 = -4*h + 40, -3*h + 83 = -4*b. Suppose 2*p - 40 = 2*w, 2*p - 3*w + h - 56 = 0. Calculate the remainder when p is divided by 14.
11
Let o be 314/8 + 1/(-4). Suppose 0 = -4*r + r + o. Suppose 4*a = 7*a - 111. Calculate the remainder when a is divided by r.
11
Calculate the remainder when 288/(-30)*10/(-3) is divided by 18.
14
Calculate the remainder when (-14)/((-85)/15 + 5) is divided by 8.
5
Let f be (-426)/10 + 14/(-35). Suppose 0*r - 2*r + 144 = 0. Let u = r + f. What is the remainder when u is divided by 15?
14
Let l be -7*12/14*3. Let x = l + 23. Calculate the remainder when x is divided by (2/(-2))/((-1)/2).
1
Let v(n) = 59*n. Suppose -39 - 36 = -5*d. Calculate the remainder when v(1) is divided by d.
14
Let x(g) = -g - 8. Let k be x(-9). Calculate the remainder when k - 6/((-2)/2) is divided by 2.
1
Suppose 0 = 5*d - 9 - 16. Suppose -d*m = -3*m. Suppose m*u = -3*u - 2*k + 19, -5*u = -2*k - 5. Calculate the remainder when 7 is divided by u.
1
Let a be 1*1*-2 - 2. Let s = a + 8. Suppose -5*d = -s*l - d + 40, 4*d + 8 = 0. Calculate the remainder when 15 is divided by l.
7
Suppose 3*p - 5*i = -0*i + 12, -3*p - 3*i = -12. Suppose 0 = -5*v + p*c + 146, c - 88 = -5*v + 38. What is the remainder when 76 is divided by v?
24
Let a(p) = p - 4. Let z be a(4). Suppose -2*t = -z*t - 232. What is the remainder when (-24)/(-16)*t/6 is divided by 10?
9
Let f(r) = -r**3 - 3*r**2. Let h be f(-3). Suppose h = -5*c + 49 - 4. Calculate the remainder when 17 is divided by c.
8
Suppose 3*u + 2*m + 3*m = 19, 25 = 3*u - m. Calculate the remainder when 23 is divided by u.
7
Let l = -22 + 41. Calculate the remainder when l is divided by 7.
5
Let l(u) = -13*u**3 + 2*u**2 + 2*u + 1. Suppose -5*n + 12 = -2*n. Suppose -t = 4*k - 107, -n*k + 133 = k + t. What is the remainder when k is divided by l(-1)?
12
Suppose -2*x + 0*x = -28. Let i = 34 + -8. Calculate the remainder when i is divided by x.
12
Let z(h) be the second derivative of -h**5/20 + h**4/4 - h**3/2 + 3*h**2/2 - 2*h. What is the remainder when 12/15 + 2/10 is divided by z(2)?
0
Let i(n) = -n**3 + 7*n**2 - 6*n + 2. Calculate the remainder when i(5) is divided by 12.
10
Calculate the remainder when (-6 + 8)*(-315)/(-6) is divided by 53.
52
Let r = 81 + -45. Calculate the remainder when r is divided by 13.
10
Let y(p) = p + 12. What is the remainder when y(-7) is divided by 4?
1
Suppose 0 = -3*b - b + 116. What is the remainder when b is divided by 8?
5
Suppose 34 = k + k. Calculate the remainder when 33 is divided by k.
16
Calculate the remainder when (-2)/(-4)*66/3 is divided by 7.
4
What is the remainder when -60*2/(-3) - -3 is divided by 3*5 + 0/(-3)?
13
Let u = -8 + 16. Let g be 34/4 - 4/u. Suppose g = 4*d - 8. What is the remainder when d is divided by 2?
0
Calculate the remainder when 3 + 0 - -4 - -4 is divided by 7.
4
Let x(l) = 2*l**2 + 5*l + 4. Calculate the remainder when x(3) is divided by 20.
17
Let y(m) = -m**2 - 9*m + 2. What is the remainder when 110 is divided by y(-7)?
14
Let y(v) = 5*v + 41. What is the remainder when ((-20)/3)/(2/(-12)) is divided by y(-4)?
19
Let v = -10 + 137. What is the remainder when v is divided by 44?
39
Suppose 0 = -5*i - 0*a - 3*a + 3, -2*i = -4*a - 22. Let l(w) = -5*w**2 - i*w**3 - 6*w - 3 - 2*w**3 + 4*w**3. What is the remainder when l(-4) is divided by 2?
1
Let v = -6 + 8. Suppose -3*b = 5*f - 165, 0 = -3*f + v*f + 3*b + 33. Calculate the remainder when 2*(1 - f/(-6)) is divided by 5.
3
Suppose -4*v - 100 = -5*l, 2*l + 0*v = 5*v + 23. Calculate the remainder when 70 is divided by l.
22
Let b = 25 + -46. Let z be 6/21 - 246/b. Suppose 0 = -3*a + z, -23 = -2*s - 3*a + 11. What is the remainder when s is divided by 4?
3
Let j(y) = 2*y - 5. Let n be j(5). Suppose -n*r + 2 = 12, -4*i + 10 = -3*r. Calculate the remainder when (-4)/(-3) - (-4)/6 is divided by i.
0
Suppose 0 = -t - 2, 4*r + 0*r - t - 62 = 0. What is the remainder when r is divided by 9?
6
Suppose 3*i + 205 = 5*b - 2*i, b - 59 = -5*i. Calculate the remainder when b is divided by 15.
14
Suppose -5*m - 56 + 921 = 0. What is the remainder when m is divided by 22?
19
Suppose y = 4*y - 12, -4*y = k - 21. Suppose 2*c - 4 = 2*q + 8, c + 2 = 5*q. What is the remainder when c is divided by k?
3
Suppose 5*p = p + 16. Suppose -4*t + 3*v - v - 10 = 0, t + p*v = -7. Let f = 11 + t. Calculate the remainder when 14 is divided by f.
6
Calculate the remainder when 160/10 + (1 - 4) is divided by 8.
5
Suppose 0 = c - 55 + 16. Calculate the remainder when 194 is divided by c.
38
Let r(v) = 8*v + 1. Suppose -27*m - 10 = -29*m. Calculate the remainder when r(1) is divided by m.
4
Suppose 0 = -4*p + 23 + 13. Calculate the remainder when p is divided by 6.
3
Suppose -14 + 5 = -j - n, -4*n - 12 = 0. Let h = -17 - 34. Let r = h - -85. What is the remainder when r is divided by j?
10
Let o = 29 + -9. Calculate the remainder when 29 is divided by o.
9
Suppose -150 = -5*x + 4*m, 0*x + 4*x - 120 = -3*m. Calculate the remainder when 117 is divided by x.
27
Let c(w) = -w**3 + 8*w**2 - 6*w + 8. Let p be c(8). Let v = -24 - p. Calculate the remainder when v is divided by 4/12*(18 + 0).
4
Suppose 5*y + 27 = -3. Calculate the remainder when 23 is divided by (-2)/(y/45) - 3.
11
Suppose 0*i - 79 = i. Suppose -111 = -5*r + 4*r. Let t = i + r. Calculate the remainder when t is divided by 11.
10
Let x be (-80)/(-12)*(-9)/6. Let r = x - -16. What is the remainder when 9 is divided by r?
3
Let o(u) = -u**2 + 13*u - 4. Let b be o(9). Let l = b - 23. Let c(m) = -m**2 + 12*m - 3. What is the remainder when c(l) is divided by 13?
11
Suppose -66 + 27 = -3*m. Let k(i) = -i**3 + 8*i**2 + 13*i + 1. Calculate the remainder when k(9) is divided by m.
11
Let j = 94 - 47. Let p(o) = o**3 - 7*o**2 - 6*o. Let d(s) = -s + 8. Let c be d(0). What is the remainder when j is divided by p(c)?
15
Suppose -4*x - i = -21 + 7, 5*x - 5*i = 5. Let r(q) = x + 4*q**2 - 2*q - 3*q**2 + 3. Calculate the remainder when r(-5) is divided by 11.
8
Suppose 0 = -2*m - 2*c + 30, -2*c + 60 = 2*m + 2*m. Suppose 45 = h - l - 2, -2*l - 50 = -h. What is the remainder when h is divided by m?
14
Suppose c - 4*c = 0. Suppose 4*i + c*i - 20 = 0. Calculate the remainder when 8 is divided by i.
3
Let w(s) be the first derivative of 12*s**2 + 5. Calculate the remainder when w(1) is divided by 9.
6
Let m be 2/(-5) - (-68)/20. Suppose -m*d - d + 120 = 0. Calculate the remainder when d is divided by 8.
6
Let n(o) = -o**2 - 6*o - 6. What is the remainder when 5 is divided by n(-4)?
1
Suppose 3*x = 10 - 4. Suppose 2*b = 6*b + 12, 4*c = x*b + 266. Let u = c - 34. What is the remainder when u is divided by 16?
15
Suppose 19 = -3*p - 17. Let u(q) = 